).
-5
Let n(u) = -u**2 + 2. Let k be n(0). Let s(d) = 60*d + 4*d**k - 59*d - 3*d**2. Give s(-1).
0
Let l(i) be the third derivative of 0*i - 2*i**2 + 1/60*i**5 + 0 - 1/3*i**3 - 1/24*i**4. Determine l(-2).
4
Let q be (-16)/88 - 31/11. Let i(w) be the first derivative of -w**4/12 - w**3/6 + w**2/2 + w + 2. Let s(x) be the first derivative of i(x). What is s(q)?
-5
Suppose 1 - 7 = -2*s. Let x(z) = -z**2 + 4*z - 2. Calculate x(s).
1
Let u = -1 + 6. Let y(s) = s + 2. What is y(u)?
7
Let q(j) be the second derivative of -j**4/12 - j**3/2 + 7*j**2/2 - 8*j. Give q(-5).
-3
Let v(x) = x + 3. Let q be v(-5). Let j = 0 - q. Let a(s) = -1. Let y(i) = -3*i - 7. Let o(l) = 6*a(l) - y(l). Give o(j).
7
Let i(d) be the third derivative of -d**4/6 - d**3/6 + d**2. Let s be i(-1). Suppose -3*r = 12 - s. Let x(h) = 2*h**2 + 4*h + 1. What is x(r)?
7
Let n = -17 - -19. Let a be (n - (2 - 3))/(-1). Let f(t) = -t**3 - 5*t**2 - 3*t + 3. What is f(a)?
-6
Let q(o) = 6*o + 0*o**3 + 4*o**3 - 15*o - 3*o**3 - 2 + 6*o**2. Determine q(-7).
12
Let z = -4 + 2. Suppose f + 3*f = 0. Let l(g) = -5*g + f*g + g. Give l(z).
8
Let r(x) = -x - 9. Let i(g) = -g**3 + 2*g**2 + g. Let w be i(2). Suppose f + 12 = -w*f. What is r(f)?
-5
Let x(b) = 0*b**2 + 2*b**2 - 4*b**2. Let l be (-4)/14 - 2/(-7). Suppose 5*u - 5*r = 3*u - 19, l = -3*u - r - 3. Determine x(u).
-8
Let i be (2 - (0 - 0))*2. Let u(g) be the first derivative of g**3/3 - 5*g**2/2 + 3*g + 25. Give u(i).
-1
Let u(d) be the third derivative of 1/120*d**6 - 1/3*d**3 + 2*d**2 - 1/20*d**5 + 0 + 0*d + 0*d**4. Give u(3).
-2
Suppose -4*w = -w + 12, 2*w = -4*z - 4. Let k = -10 + 15. Let t(f) = -2*f**2 + k*f**3 - f**3 - 1 - 2*f**3 + f**2 + 2*f. Determine t(z).
2
Suppose 0*v = -2*v - 2. Let r(q) = -19*q + 37*q - 23*q + 1. What is r(v)?
6
Let q(v) = 2*v + 4. Let w be 12/8*40/(-12). Determine q(w).
-6
Let x(m) be the third derivative of -m**4/12 - m**3/2 - m**2. Let b be x(-4). Let h = b - 7. Let p(s) = -2*s. Give p(h).
4
Let c(g) be the first derivative of g**4/4 + 5*g**3/3 - g**2 - 5*g - 8. Give c(-5).
5
Let w(p) = p**3 + 12*p**2 + 2. Let h be w(-12). Let k(b) = -2*b**2 + 1. Give k(h).
-7
Let n(t) = 5*t**2 + 3*t + 13. Let b(f) be the first derivative of 11/3*f**3 - 2 + 7/2*f**2 + 27*f. Let h(w) = 6*b(w) - 13*n(w). Give h(-5).
3
Let i(n) = -n**3 - 6*n**2 - 5*n - 6. Let b = -15 + 10. What is i(b)?
-6
Let c(q) = q**2 - 6*q + 14. Let f be c(4). Let g(t) = t**3 - 7*t**2 + 8*t - 2. Calculate g(f).
10
Suppose 8*u = 3*u + 10. Let r(s) be the first derivative of -s**u - 2 + 2 + 1 - 5*s + 0. Calculate r(-4).
3
Let p be (20/12)/(1/3). Let n(l) be the first derivative of -l**2/2 - l - 3. What is n(p)?
-6
Let j(s) = s**2 + 2*s - 3. Suppose -13 = 3*f + 2. Determine j(f).
12
Let a(l) = -l + 10. Let n be a(0). Let t = n - 7. Let i(y) = -5*y**2 + 2*y**2 - y**t + 4*y**2 - 14. Determine i(0).
-14
Suppose p - 22 = 4*q, 19 - 50 = -3*p + 5*q. Let i(k) = -2*k. Let c(b) = -22*b - 2. Let x(j) = -c(j) + 10*i(j). Calculate x(p).
6
Suppose 26 = 3*l - 6*l - 4*f, 23 = l - 5*f. Let g = l - 1. Let d(b) = -10 + 5 + 5 - 4*b**2 - b**3 + 1. Give d(g).
-8
Let l(c) be the third derivative of c**5/60 - 5*c**4/24 - 5*c**3/3 - c**2. Let z = 13 + -6. Let j be l(z). Let x(g) = -g**3 + 5*g**2 - 4*g. Determine x(j).
0
Let g(b) = -b**3 - 3*b**2 - b + 2. Let m(h) be the third derivative of h**4/8 + h**3/3 + 3*h**2. Let n be m(-2). Let z be n + (-3 + -1)/(-2). Determine g(z).
0
Let r(f) = f**2 - f. Let v(k) = -3*k**2 + 4*k - 1. Let o(m) = 2*r(m) + v(m). Determine o(1).
0
Let w = -82 + 85. Let y(f) be the second derivative of 4*f + 0 - 1/6*f**w + f**2. What is y(1)?
1
Let g(m) = -19 + 41 - 23 - 6*m**2. What is g(-1)?
-7
Let s(g) be the first derivative of -g**3/6 - g**2/2 - 11*g - 5. Let f(q) be the first derivative of s(q). Let b = 6 - 3. Give f(b).
-4
Let p(y) be the second derivative of -y**4/6 - y**2/2 - 29*y. Let b be -1 - 1*2/2. What is p(b)?
-9
Let r(i) = -i**3 + 12*i**2 + 13*i + 2. Let x be r(13). Let s(m) = 3*m - 2*m + 4*m + 2 + m**x. Give s(-3).
-4
Let o(x) = x - 4. Let q(r) = -5*r + 21. Let i(d) = -33*o(d) - 6*q(d). Let j = 750 + -745. Give i(j).
-9
Let h = 4 + -1. Let y(j) = -3*j**2 - 2*j + 3*j + h - 2 + j**3. Let l be (-2)/7 - (-23)/7. Determine y(l).
4
Let h(s) = 4*s + s**2 + 0*s**2 + 3 + 3*s**2 - 3*s**2. Calculate h(-4).
3
Let b(l) = -l + 4. Let a(t) = t - 3. Let q be a(3). Determine b(q).
4
Let c(d) = -5*d**2 - 2*d - 5. Let a(l) = -9*l**2 - 3*l - 9. Let i(x) = 6*a(x) - 11*c(x). Let p(r) be the first derivative of i(r). Determine p(3).
10
Let w(x) = 2*x**2 - 2*x + 3. Suppose 2*m = -10, 13 = -4*o - m - 4. What is w(o)?
27
Suppose -2 = -2*p - 2*x, -4*x = -3*p - 0*x - 11. Let z(c) = 18*c + 15. Let d(s) = s + 1. Suppose -4 - 2 = 3*k. Let v(h) = k*z(h) + 30*d(h). What is v(p)?
6
Let j(v) = -v. Let l(h) = -h - 2. Let m(q) = -5*j(q) + l(q). Give m(3).
10
Let b(y) = y**3 - y**2 - 3*y + 2. Let f(v) = 4*v - 2. Let q be f(1). What is b(q)?
0
Let h(c) = -2*c**2 + 10*c - 13. Let i(l) = 3*l**2 - 15*l + 20. Let o(v) = v**3 + 8*v**2 - 3*v - 19. Let q be o(-8). Let z(a) = q*i(a) + 8*h(a). Determine z(4).
0
Let o(b) be the second derivative of 0 - 1/12*b**4 - 1/2*b**3 + b + 1/2*b**2. What is o(-4)?
-3
Let l = -3 + -2. Let s(q) = -q**3 - 5*q**2 - 3. Determine s(l).
-3
Let n(q) be the first derivative of -q**3/3 - 4*q**2 - 2*q + 14. Suppose 3*t + 12 = -6. Calculate n(t).
10
Let f(k) = k - 6. Let c(t) = 1. Let a(y) = y - 7. Let x(q) = a(q) + 2*c(q). Let p(m) = -6*f(m) + 7*x(m). Suppose -4 = -3*v - 13. Calculate p(v).
-2
Let c(d) = 3*d + d - 2 + 6 - 2. Determine c(-4).
-14
Let j(g) be the first derivative of -g**4/4 + g**3 - g**2/2 + 3*g - 23. What is j(3)?
0
Let g(l) = 0*l**2 + 0*l**2 + 7*l - 5 - l**2 - 3. Let f be g(6). Let p be (f - -4)*2/4. Let x(d) = -3*d**3 - 2*d**2 + 1. What is x(p)?
-4
Suppose 11*s + 20 = 6*s. Let g(j) = -j**2 - 2*j - 1. What is g(s)?
-9
Let g(w) be the second derivative of -1/3*w**3 - 1/2*w**2 + 3*w + 0. Let r(u) = -u + 4. Let v be r(2). What is g(v)?
-5
Suppose 4*s = -2 - 2. Let c = s - 4. Let m be (-4 - c) + (-1)/(-1). Let a(n) = n**3 - 2*n**2 - 2. Determine a(m).
-2
Suppose -8*r + 2*l = -4*r, r = l - 2. Let i(g) = -3*g + 1. What is i(r)?
-5
Let h(r) = -r**2 - 2*r + 3. Let w(a) = -a - 7. Let f be 2/(-6) + (-50)/(-15). Let i(z) = -4*z - 20. Let s(n) = f*i(n) - 10*w(n). Let c be s(7). Calculate h(c).
-5
Let g(o) = -o - 1. Let k be g(-1). Let w(u) = u**3 + 5*u**2 - 1. Let t be w(-5). Let f = k - t. Let r(i) = i**2 + i. What is r(f)?
2
Suppose 70*x - 69*x + 2 = 0. Let u(r) be the second derivative of -3*r**3/2 - r**2/2 + r. Determine u(x).
17
Let w(t) = -6*t**2 - 36*t - 21. Let k(m) = m**2 + 7*m + 4. Let z(c) = -11*k(c) - 2*w(c). Let p be z(6). Let d(a) = a + 3. Determine d(p).
7
Suppose -l - 1 = -4. Let u(h) = h**2 - 11*h + 11. Let r be u(10). Let x be (l/r + -3)*1. Let p(g) = g - 2. What is p(x)?
-2
Let g(n) = n**2 + 5*n - 3. Let d be g(-6). Let a(w) = -w**2 + 3*w + 1. Let i be a(d). Let t(b) = -2*b - 1. Determine t(i).
-3
Let c(z) = 2*z + 8. Let y be c(-6). Let m(d) = d**3 + 2*d**2 - 4*d + 5. Give m(y).
-11
Let i(b) = -4 - 23*b + 3 + 21*b. Suppose 0 = 5*x + 3*v - 24, -2*x + v = -14. Suppose 4*t = -x + 2. What is i(t)?
1
Let k(w) be the first derivative of -7*w**2/2 + w - 19. Determine k(1).
-6
Let n(s) = s**3 + 4*s**2 + 2*s + 6. Let g(a) = a**3 - 7*a**2 - 8*a - 4. Let o be g(8). Give n(o).
-2
Let k(o) = o**2 - 2*o - 2. Let r be 4 + -8 - (-4 + 2). Give k(r).
6
Suppose 0 = w + w - 6. Let c be (-1)/w*(-20 - -11). Let n(g) = g**3 + 2*g**2 - 9*g + 6. Let t(z) = -z**2 + z - 1. Let q(x) = -n(x) - 4*t(x). Give q(c).
4
Suppose -1 = -2*n - v - 4, 0 = -n - 5*v - 6. Let a be n - 0/(-1 - -4). Let j(r) = -3*r - 1. Give j(a).
2
Let t(k) = -k**3 + 7*k**2 - 8*k + 4. Let u be t(6). Let b = -6 - u. Let g(l) = l - 2. Let f be g(b). Let c(p) = -p**2 - p - 4. Determine c(f).
-4
Let q(w) be the second derivative of w**4/12 + w**3 + 7*w**2/2 + 23*w. Give q(-6).
7
Suppose -4*g - 50 + 14 = 0. Let c(q) = -q - 9. Calculate c(g).
0
Suppose -4 = -4*r + 4*h, h + 7 = 3. Let d(c) = -c**3 - 3*c**2 - 2*c - 4. Determine d(r).
2
Let i(s) = -5*s**3 - s**2 + s - 1. Suppose 7 = -5*g + h - 4*h, 4*g + h = 0. Calculate i(g).
-6
Suppose -5*z = -0*z - 15. Let q(b) = -b - b + z*b. Let j be (24/16)/(-3) - 5/(-